when 1328995 is divided by 46?
9
What is the remainder when 1127 is divided by 376?
375
Calculate the remainder when 543 is divided by 15.
3
What is the remainder when 5813 is divided by 202?
157
What is the remainder when 2552 is divided by 19?
6
Calculate the remainder when 24040 is divided by 217.
170
What is the remainder when 246421 is divided by 487?
486
Calculate the remainder when 76697 is divided by 102.
95
Calculate the remainder when 26569 is divided by 38.
7
Calculate the remainder when 23632 is divided by 908.
24
What is the remainder when 724 is divided by 145?
144
What is the remainder when 42022 is divided by 457?
435
Calculate the remainder when 79583 is divided by 25.
8
Calculate the remainder when 285931 is divided by 1282.
45
Calculate the remainder when 2054792 is divided by 383.
380
Calculate the remainder when 24618 is divided by 586.
6
Calculate the remainder when 14357 is divided by 434.
35
Calculate the remainder when 12958 is divided by 12933.
25
What is the remainder when 44870 is divided by 7473?
32
What is the remainder when 12435 is divided by 1275?
960
What is the remainder when 44968 is divided by 72?
40
What is the remainder when 418188 is divided by 62?
60
Calculate the remainder when 741 is divided by 356.
29
Calculate the remainder when 9343 is divided by 511.
145
Calculate the remainder when 10287 is divided by 3426.
9
Calculate the remainder when 5206 is divided by 295.
191
What is the remainder when 16341 is divided by 1800?
141
Calculate the remainder when 393 is divided by 355.
38
Calculate the remainder when 152021 is divided by 356.
9
What is the remainder when 16239 is divided by 1796?
75
What is the remainder when 184536 is divided by 1092?
1080
What is the remainder when 3752 is divided by 670?
402
Calculate the remainder when 7344 is divided by 309.
237
What is the remainder when 20049 is divided by 59?
48
Calculate the remainder when 4092 is divided by 1103.
783
What is the remainder when 1044 is divided by 886?
158
What is the remainder when 1410 is divided by 473?
464
What is the remainder when 1709 is divided by 1705?
4
What is the remainder when 77028 is divided by 1639?
1634
Calculate the remainder when 157822 is divided by 78904.
14
Calculate the remainder when 11292 is divided by 128.
28
What is the remainder when 36790 is divided by 359?
172
Calculate the remainder when 168852 is divided by 237.
108
What is the remainder when 4103 is divided by 1039?
986
Calculate the remainder when 24387 is divided by 173.
167
What is the remainder when 42419 is divided by 10595?
39
Calculate the remainder when 6288 is divided by 297.
51
Calculate the remainder when 17454 is divided by 33.
30
Calculate the remainder when 1323753 is divided by 612.
609
What is the remainder when 2833 is divided by 476?
453
What is the remainder when 7169 is divided by 2181?
626
Calculate the remainder when 422 is divided by 200.
22
What is the remainder when 291516 is divided by 61?
58
Calculate the remainder when 2416 is divided by 451.
161
Calculate the remainder when 4850 is divided by 135.
125
What is the remainder when 30899 is divided by 60?
59
Calculate the remainder when 672 is divided by 141.
108
What is the remainder when 755 is divided by 244?
23
What is the remainder when 4566 is divided by 506?
12
What is the remainder when 2887 is divided by 330?
247
What is the remainder when 103325 is divided by 868?
33
What is the remainder when 42384 is divided by 135?
129
Calculate the remainder when 14072 is divided by 66.
14
What is the remainder when 19433 is divided by 19411?
22
What is the remainder when 119864 is divided by 187?
184
What is the remainder when 43634 is divided by 82?
10
Calculate the remainder when 15465 is divided by 517.
472
What is the remainder when 3987 is divided by 1958?
71
Calculate the remainder when 337753 is divided by 49.
45
Calculate the remainder when 9565 is divided by 23.
20
What is the remainder when 4065 is divided by 1559?
947
What is the remainder when 34837 is divided by 130?
127
Calculate the remainder when 1152 is divided by 101.
41
Calculate the remainder when 124438 is divided by 13.
2
Calculate the remainder when 63995 is divided by 168.
155
What is the remainder when 996393 is divided by 959?
951
Calculate the remainder when 4965 is divided by 355.
350
What is the remainder when 87105 is divided by 7256?
33
What is the remainder when 148976 is divided by 18?
8
What is the remainder when 10782 is divided by 2681?
58
What is the remainder when 22258 is divided by 11114?
30
What is the remainder when 30442 is divided by 258?
256
What is the remainder when 38321 is divided by 421?
10
Calculate the remainder when 81158 is divided by 712.
702
What is the remainder when 3161 is divided by 138?
125
What is the remainder when 272689 is divided by 745?
19
Calculate the remainder when 28440 is divided by 791.
755
Calculate the remainder when 201250 is divided by 67080.
10
What is the remainder when 20789 is divided by 866?
5
What is the remainder when 10601471 is divided by 408?
407
What is the remainder when 271918 is divided by 90637?
7
Calculate the remainder when 42812 is divided by 6109.
49
What is the remainder when 9451 is divided by 3121?
88
Calculate the remainder when 763155 is divided by 2193.
2184
Calculate the remainder when 1168311 is divided by 6.
3
What is the remainder when 65282 is divided by 32632?
18
What is the remainder when 3199671 is divided by 56?
55
Calculate the remainder when 227493 is divided by 100.
93
Calculate the remainder when 93595 is divided by 47.
18
Calculate the remainder when 71973 is divided by 258.
249
What is the remainder when 303518 is divided by 210?
68
What is the remainder when 157709 is divided by 866?
97
Calculate the remainder when 1139655 is divided by 139.
133
What is the remainder when 26655 is divided by 22?
13
Calculate the remainder when 757437 is divided by 15.
12
What is the remainder when 3585 is divided by 1181?
42
What is the remainder when 8700 is divided by 8645?
55
Calculate the remainder when 1616 is divided by 769.
78
What is the remainder when 198979 is divided by 4?
3
What is the remainder when 11963 is divided by 543?
17
Calculate the remainder when 26398 is divided by 220.
218
Calculate the remainder when 195 is divided by 147.
48
What is the remainder when 37626 is divided by 9255?
606
What is the remainder when 141925 is divided by 30?
25
What is the remainder when 35210 is divided by 5868?
2
What is the remainder when 175101 is divided by 21886?
13
Calculate the remainder when 107135 is divided by 71.
67
What is the remainder when 9722 is divided by 646?
32
Calculate the remainder when 704577 is divided by 6.
3
What is the remainder when 16259 is divided by 47?
44
Calculate the remainder when 23138 is divided by 11325.
488
What is the remainder when 163960 is divided by 9?
7
Calculate the remainder when 54687 is divided by 188.
167
What is the remainder when 4564050 is divided by 13?
10
What is the remainder when 388359 is divided by 507?
504
Calculate the remainder when 2073 is divided by 290.
43
Calculate the remainder when 3663 is divided by 4.
3
Calculate the remainder when 3308 is divided by 2792.
516
What is the remainder when 11903 is divided by 458?
453
Calculate the remainder when 2079443 is divided by 14.
9
What is the remainder when 149831 is divided by 101?
48
Calculate the remainder when 84052 is divided by 41971.
110
Calculate the remainder when 89059 is divided by 28.
19
Calculate the remainder when 141383 is divided by 937.
833
What is the remainder when 1206380 is divided by 402121?
17
Calculate the remainder when 3003 is divided by 186.
27
What is the remainder when 31752 is divided by 2638?
96
What is the remainder when 8019 is divided by 69?
15
What is the remainder when 660 is divided by 20?
0
Calculate the remainder when 164928 is divided by 13737.
84
What is the remainder when 1507 is divided by 881?
626
What is the remainder when 672699 is divided by 348?
15
What is the remainder when 1398266 is divided by 6?
2
Calculate the remainder when 941 is divided by 388.
165
What is the remainder when 39306 is divided by 24?
18
What is the remainder when 116861 is divided by 11?
8
Calculat